7479 prime?
False
Is 1379689301 prime?
True
Is 8287921 a composite number?
False
Is 49568261 a composite number?
True
Is 46931685821 prime?
False
Is 80363278207 a composite number?
False
Is 3239351 a composite number?
False
Is 1594442338 composite?
True
Is 1183142561 composite?
True
Is 458054743 prime?
True
Is 94155007913 a composite number?
True
Is 40511393327 a composite number?
False
Is 3384844297 prime?
True
Is 77265573041 a composite number?
True
Is 36779182529 prime?
True
Is 2600889761 composite?
True
Is 10105696339 a composite number?
False
Is 11266144127 composite?
True
Is 7199679127 prime?
False
Is 99554470453 a composite number?
True
Is 52131822997 a prime number?
True
Is 923599797 prime?
False
Is 1372403479 prime?
False
Is 31425943 a prime number?
False
Is 673031531 composite?
False
Is 22284121423 a composite number?
False
Is 1720864987 a composite number?
False
Is 32841056239 a composite number?
False
Is 2254159759 a composite number?
True
Is 714435451 composite?
True
Is 535285021 prime?
False
Is 4361477983 a composite number?
True
Is 1100314591 composite?
False
Is 27674224183 prime?
True
Is 3095980087 a composite number?
True
Is 678297443 prime?
False
Is 14265608999 composite?
False
Is 2932407887 composite?
False
Is 2258293043 a prime number?
False
Is 125836523 a prime number?
True
Is 877740791 a composite number?
True
Is 8253085433 composite?
True
Is 3146572705 composite?
True
Is 38037448621 a prime number?
False
Is 10217387045 a prime number?
False
Is 238608033 prime?
False
Is 25410131 a composite number?
False
Is 3768438787 a prime number?
True
Is 2839694527 a composite number?
False
Is 5746214713 a composite number?
True
Is 51688079 composite?
True
Is 13538962709 a composite number?
True
Is 180025691 a prime number?
True
Is 5143357787 a prime number?
False
Is 359723099 a prime number?
True
Is 275884834 prime?
False
Is 1534961537 a composite number?
False
Is 18719927949 prime?
False
Is 115363457245 a composite number?
True
Is 2567021441 a composite number?
True
Is 288719243581 prime?
False
Is 15237215189 prime?
False
Is 8261835133 composite?
False
Is 147049057 composite?
False
Is 60495214594 a composite number?
True
Is 50731977815 a prime number?
False
Is 3841324441 a prime number?
True
Is 44160773 a composite number?
True
Is 157813441411 prime?
True
Is 8900856103 composite?
False
Is 188763949 composite?
True
Is 15120986233 a composite number?
False
Is 811751299 composite?
True
Is 1162721699 a composite number?
True
Is 143385103 a composite number?
False
Is 185860237 a prime number?
True
Is 4860270787 composite?
True
Is 1138557671 a composite number?
False
Is 52605015751 a composite number?
True
Is 3637891637 a prime number?
True
Is 36552628283 a prime number?
True
Is 12606407993 prime?
False
Is 33733521761 a composite number?
False
Is 10594727537 prime?
False
Is 748039069 a prime number?
True
Is 25277479 prime?
False
Is 31117769321 prime?
False
Is 177098231 composite?
True
Is 759203803 prime?
False
Is 1702854539 a prime number?
False
Is 8085934867 prime?
False
Is 609975907 a prime number?
False
Is 1340929901 a prime number?
True
Is 165276557 composite?
False
Is 879670889 a composite number?
True
Is 32295494767 a prime number?
True
Is 203483094491 composite?
False
Is 96035794243 a composite number?
True
Is 1164093857 a prime number?
True
Is 1009194679 a prime number?
False
Is 16567856729 prime?
False
Is 3237767771 a prime number?
False
Is 12314155047 a composite number?
True
Is 8097310433 prime?
True
Is 1316464591 a prime number?
False
Is 10935690709 a composite number?
False
Is 13275481 a composite number?
False
Is 15128750927 a prime number?
True
Is 22960494353 prime?
True
Is 159342619 a composite number?
False
Is 21668945107 a composite number?
False
Is 67564649 a composite number?
True
Is 19069471207 composite?
False
Is 4895868983 prime?
True
Is 98686977091 prime?
True
Is 1882662529 prime?
False
Is 252325351 composite?
False
Is 10245815381 a prime number?
False
Is 11312935957 a composite number?
True
Is 13464853319 a prime number?
True
Is 321663094 a prime number?
False
Is 970473701 prime?
False
Is 73707303629 composite?
True
Is 96978139 a composite number?
True
Is 5466000697 prime?
True
Is 160414957 a composite number?
False
Is 26619067 prime?
True
Is 7449994327 a composite number?
False
Is 7605919547 a composite number?
False
Is 11179109153 prime?
True
Is 83806351 a composite number?
True
Is 113125899 a prime number?
False
Is 402441623 a composite number?
True
Is 598361527 a prime number?
False
Is 3330420169 a composite number?
False
Is 2952318277 a prime number?
False
Is 611284957 a prime number?
False
Is 273098953 prime?
True
Is 34010754161 composite?
True
Is 252129811 a prime number?
True
Is 102177207655 a composite number?
True
Is 423085627 composite?
False
Is 10354537559 composite?
True
Is 5613074431 prime?
True
Is 53805821 a prime number?
True
Is 200345767 a prime number?
False
Is 1310653697 a prime number?
False
Is 84614389463 composite?
True
Is 9019648177 composite?
False
Is 7796246299 composite?
False
Is 21394656763 a composite number?
False
Is 159271613257 prime?
False
Is 11870696399 prime?
False
Is 116150552689 a prime number?
False
Is 40837532189 a prime number?
False
Is 39201603409 composite?
True
Is 29341783 a prime number?
False
Is 57186421 a composite number?
False
Is 106009376357 prime?
True
Is 50732389849 a composite number?
True
Is 843850993 prime?
True
Is 6195238319 a prime number?
False
Is 17779487647 a composite number?
False
Is 2838069677 a prime number?
True
Is 6319382809 composite?
False
Is 62651721499 composite?
False
Is 3270709003 a composite number?
False
Is 823612569437 prime?
False
Is 195224201 composite?
True
Is 5419938113 a prime number?
False
Is 612639457 a prime number?
True
Is 79324853459 composite?
False
Is 34334728565 a composite number?
True
Is 15252194533 a prime number?
True
Is 2108173447 composite?
True
Is 51778387 prime?
False
Is 2850479657 a composite number?
False
Is 1214272699 a prime number?
False
Is 6438940261 a prime number?
False
Is 39225042313 a composite number?
False
Is 5597714239 prime?
False
Is 677070773 a composite number?
False
Is 135005187293 prime?
True
Is 903506459 a prime number?
False
Is 14276094629 composite?
False
Is 7132214261 composite?
False
Is 22164453637 a composite number?
False
Is 307810249 a composite number?
False
Is 1399247027 composite?
True
Is 4363028513 prime?
True
Is 187805039 a prime number?
False
Is 6480241711 a composite number?
False
Is 906711601 composite?
False
Is 7439725079 prime?
False
Is 3197054761 prime?
True
Is 2389777679 composite?
True
Is 16091506601 a composite number?
False
Is 62490103043 composite?
True
Is 182968568351 prime?
True
Is 546934949 a composite number?
True
Is 2257482421 a composite number?
False
Is 855377897 a composite number?
True
Is 7170776257 a composite number?
True
Is 1791535337 composite?
False
Is 249542701 a composite number?
True
Is 3318655013 composite?
False
Is 16601788163 a prime number?
True
Is 883561171 composite?
False
Is 1118152757 a prime number?
True
Is 503792831 prime?
True
Is 102613200229 composite?
True
Is 21088909211 a prime number?
True
Is 1447075543 prime?
False
Is 987857623 a composite number?
False
Is 380754707 a composite number?
True
Is 16554761897 a prime number?
True
Is 18592224077 a composite number?
True
Is 7223046731 a composite number?
False
Is 2424889277 a prime number?
True
Is 241347761 composite?
True
Is 53220299719 a composite number?
True
Is 5299252169 a composite number?
False
Is 2307920371 a prime number?
True
Is 35622906365 prime?
False
Is 21086406917 a composite number?
True
Is 2545117853 prime?
False
Is 6569526983 a composite number?
False
Is 78906067 a prime number?
False
Is 15150754013 composite?
True
Is 87428638079 prime?
False
Is 19075588691 a composite number?
False
Is 211591264421 composite?
False
Is 577369319 a composite number?
True
Is 161936234353 a composite number?
True
Is 224388691 a prime number?
True
Is 55129447619 composite?
False
Is 1339543343 a composite number?
True
Is 163574226799 composite?
True
Is 5287451647 composite?
False
Is 810123947 a prime number?
True
Is 7119951721 a prime number?
True
Is 9419160061 prime?
True
Is 16914603613 a composite numbe